{"id":99,"date":"2014-07-08T10:24:42","date_gmt":"2014-07-08T08:24:42","guid":{"rendered":"http:\/\/www.sec-comp.net\/v1\/?page_id=99"},"modified":"2023-06-28T13:23:39","modified_gmt":"2023-06-28T11:23:39","slug":"poetna-4","status":"publish","type":"page","link":"http:\/\/www.sec-comp.net\/v1\/?lang=sr","title":{"rendered":"Po\u010detna"},"content":{"rendered":"<p><strong>Dobrodo\u0161li na moju Web prezentaciju !<\/strong><\/p>\n<p style=\"text-align: justify;\">Ve\u0107 dugi niz godina bavim se kao samostalni preduzetnik postavljanjem i odr\u017eavanjem ra\u010dunarskih mre\u017ea, servisom ra\u010dunara, izradom Web prezentacija, kao i IP video nadzorom. Odlu\u010dio sam da od ove godine u prvi plan postavim sebe i svoje ime, a ne naziv firme. Jer na kraju krajeva, ja sam taj s kim razgovarate i koji garantuje za svoj rad. Moj moto je da ja dolazim Vama, a ne Vi meni. Prvenstveno radim sa malim i srednjim firmama, ali i sa privatnim licima. Svi moji klijenti imaju telefonsku i online podr\u0161ku. Podru\u010dje mog rada su gradovi Gradi\u0161ka i Banja Luka, kao i\u00a0 \u0161ira okolina. (\u010celinac, Lakta\u0161i, Kotor Varo\u0161, Prnjavor,&#8230;) Naravno, po potrebi dolazim i na udaljenije lokacije.<\/p>\n<p style=\"text-align: justify;\">Za poslovne korisnike nudim i nekoliko <strong>paketa odr\u017eavanja ra\u010dunara<\/strong> i ra\u010dunarskih mre\u017ea. Prednosti ovakvog vida odr\u017eavanja su mnogobrojne. Vi\u0161e o paketima odr\u017eavanja mo\u017eete pro\u010ditati <a title=\"Paketi odr\u017eavanja\" href=\"http:\/\/www.sec-comp.net\/v1\/?page_id=115\"><span style=\"color: #ff0000;\">[ovdje]<\/span><\/a>.<\/p>\n<p style=\"text-align: justify;\">Zato, ako imate probleme sa Va\u0161om ku\u0107nom ili poslovnom mre\u017eom, ako Vam je ra\u010dunar usporio ili ne\u0107e ni da upali, treba Vam Web prezentacija ili video nadzor pozovite me i Va\u0161 problem \u0107e biti rije\u0161en u najkra\u0107em mogu\u0107em roku!<\/p>\n","protected":false},"excerpt":{"rendered":"<p>Dobrodo\u0161li na moju Web prezentaciju ! Ve\u0107 dugi niz godina bavim se kao samostalni preduzetnik postavljanjem i odr\u017eavanjem ra\u010dunarskih mre\u017ea, servisom ra\u010dunara, izradom Web prezentacija, kao i IP video nadzorom. Odlu\u010dio sam da od ove godine u prvi plan postavim sebe i svoje ime, a ne naziv firme. Jer na kraju krajeva, ja sam taj [&hellip;]<\/p>\n","protected":false},"author":1,"featured_media":0,"parent":0,"menu_order":0,"comment_status":"closed","ping_status":"open","template":"","meta":{"footnotes":""},"class_list":["post-99","page","type-page","status-publish","hentry"],"_links":{"self":[{"href":"http:\/\/www.sec-comp.net\/v1\/index.php?rest_route=\/wp\/v2\/pages\/99","targetHints":{"allow":["GET"]}}],"collection":[{"href":"http:\/\/www.sec-comp.net\/v1\/index.php?rest_route=\/wp\/v2\/pages"}],"about":[{"href":"http:\/\/www.sec-comp.net\/v1\/index.php?rest_route=\/wp\/v2\/types\/page"}],"author":[{"embeddable":true,"href":"http:\/\/www.sec-comp.net\/v1\/index.php?rest_route=\/wp\/v2\/users\/1"}],"replies":[{"embeddable":true,"href":"http:\/\/www.sec-comp.net\/v1\/index.php?rest_route=%2Fwp%2Fv2%2Fcomments&post=99"}],"version-history":[{"count":15,"href":"http:\/\/www.sec-comp.net\/v1\/index.php?rest_route=\/wp\/v2\/pages\/99\/revisions"}],"predecessor-version":[{"id":342,"href":"http:\/\/www.sec-comp.net\/v1\/index.php?rest_route=\/wp\/v2\/pages\/99\/revisions\/342"}],"wp:attachment":[{"href":"http:\/\/www.sec-comp.net\/v1\/index.php?rest_route=%2Fwp%2Fv2%2Fmedia&parent=99"}],"curies":[{"name":"wp","href":"https:\/\/api.w.org\/{rel}","templated":true}]}}